t(c) = 8*c**2 + c - 2*c**2 - 2*c**2. What is the tens digit of t(-2)?
1
What is the tens digit of 0 + (599 - 9) - (-6 - 1)?
9
Let f = 165 - 337. Let v = -92 - f. What is the tens digit of v?
8
Suppose 0 = 16*j - 52162 + 7682. What is the tens digit of j?
8
Suppose -3*u - x = 2*u - 82, -u + x + 20 = 0. Suppose -5*i + u = -2*y + 6, -2*i + 4 = -y. What is the units digit of y?
2
Let y(f) = 17*f**2 + 5*f + 10. Let g(s) = 18*s**2 + 4*s + 9. Let q(d) = 7*g(d) - 6*y(d). Let i be q(1). Let t = 59 - i. What is the tens digit of t?
3
Let b(i) = -i - 2. Let c be b(-5). What is the tens digit of -4 + (68 - (1 + c))?
6
Suppose 0 = -j + 6 - 0. Suppose -j*c + 39 = -495. What is the units digit of c?
9
Let j = -5 - -15. Let p = 8 - j. What is the tens digit of (p - -43) + 0 + -3?
3
Let i(h) = -2*h + 7. Let c be i(8). Let s = c - -12. Suppose -5*f = 4*j - 146, 4*j + s*f - 170 = -20. What is the tens digit of j?
3
What is the tens digit of 776 - 0/(-4*(-3)/12)?
7
Let k = -936 - -1788. What is the hundreds digit of k?
8
Suppose -17*i = 17*i - 54536. What is the tens digit of i?
0
Suppose 73700 = 21*h + 4*h. What is the hundreds digit of h?
9
Suppose -2*l + 9748 = 2*d, -4*d = 13 + 7. What is the tens digit of l?
7
Let t(s) = -30*s - 142. What is the hundreds digit of t(-35)?
9
Let v(f) = -2*f + 16. Let k be v(6). Suppose 0 = 3*w - 8*w + 485. Suppose 4*a = -a + 5*u + 140, 0 = -k*a - u + w. What is the units digit of a?
5
Let r(t) = 10*t + 3. Suppose -5*s + a = -73, 3*a - 55 = -3*s - 2*a. What is the units digit of r(s)?
3
Let c(t) = 2*t**2 - 6*t + 1. Let r be c(4). Let s = r - -3. What is the units digit of s?
2
Let u = 804 - -113. What is the hundreds digit of u?
9
Suppose 5*p = -7*p + 13776. What is the tens digit of p?
4
Let i(d) = -d**2 - 2*d - 3. Let r be i(0). What is the tens digit of (-4 - r)*-1*19?
1
Let h = 180 + -142. What is the tens digit of h?
3
Let l(c) = -3 + 0*c - 18*c**2 + 31*c**2 - 5*c + 5*c**2. What is the tens digit of l(3)?
4
Let n(i) = -i**3 + i**2 - 3*i + 1. Let t(j) = -j**3 + 1. Let f(o) = -n(o) + 4*t(o). Let g be ((-3)/(-18)*4)/((-6)/18). What is the units digit of f(g)?
7
Suppose 3*j - 4*h - 3353 = 369, 0 = -2*j - 2*h + 2500. What is the tens digit of j?
4
Let r(b) = -9*b**3 + 17*b**3 - 4*b**2 - 4*b**2 - 13 - 9*b**3 - 11*b. What is the units digit of r(-9)?
7
Let m(d) = d**3 - 9*d**2 - 6*d - 7. What is the hundreds digit of m(13)?
5
What is the tens digit of (2 - 16/10) + (-564)/(-15)?
3
Let b be 2 + (2 - 3) - -5. Suppose 3*i - 33 = 3*g, b*i = 2*i - 2*g + 44. Let p = i + -1. What is the units digit of p?
0
Suppose 0*n = 4*y - 5*n - 46, -3*y + 2*n + 31 = 0. Suppose -14*o + 95 = -y*o. What is the tens digit of o?
1
Suppose -315 = -t + 503. What is the hundreds digit of t?
8
Let v(x) = 4*x**2 - x - 3. Let p be v(0). Let n(z) = -4*z**3 - 4*z + 3. What is the hundreds digit of n(p)?
1
Let c(a) = a**3 + 7*a**2 - 16. What is the tens digit of c(-5)?
3
Suppose -7*j = -18 - 10. Suppose -4*f + 3*b + 189 = 0, j*f - 5*b - 84 - 111 = 0. What is the units digit of f?
5
Suppose 10*l - 8*l - 2*c = 4228, l + 3*c - 2094 = 0. What is the hundreds digit of l?
1
Let m = 4 - -1. Suppose m*w + 0 = 25. Suppose -w*o = 21 - 106. What is the units digit of o?
7
Let o be 153/21 - (-4)/(-14). Suppose -3*t = -1 + o. What is the units digit of (2 - t)*(3 - 2)?
4
Let m(y) be the first derivative of 3*y**2/2 - 18*y + 4. What is the tens digit of m(11)?
1
Let y(c) = c + 14. Let s be y(-11). Let z(v) = v**2 - 4*v + 3. Let b be z(s). Suppose b = 3*o - 26 - 34. What is the tens digit of o?
2
Suppose -2*w = -4*w + 158. Let c = 133 - w. What is the tens digit of c?
5
Let u = -37 + 44. Suppose u*n = 2*n + 10. Suppose 3*l + 5*i - 48 = 57, -54 = -n*l + 2*i. What is the units digit of l?
0
What is the hundreds digit of (27 - 31) + (657 - -1)?
6
Let f(q) = 85*q**2 - 19*q + 24. What is the thousands digit of f(4)?
1
What is the tens digit of (-39)/2*4130/(-105)?
6
Let r(o) = -o**3 + 10*o**2 + 12*o - 13. Let b be r(11). Let s be (1 - b)*(-144)/27. Let j(l) = l**2 + 16*l + 39. What is the tens digit of j(s)?
3
Let i(c) = 3*c**2 + 48*c + 6. What is the hundreds digit of i(6)?
4
Suppose i - 5*i = 472. Let r = i + 187. What is the units digit of r?
9
Let r(k) = k**2 - 253. What is the units digit of r(-34)?
3
Let s(t) = 1235*t**2 + 17*t - 5. What is the tens digit of s(-2)?
0
Let v(j) = j**3 - j - 1. Let y(s) = -6*s**3 - 11*s**2 - 2*s + 18. Let q(n) = -5*v(n) - y(n). What is the tens digit of q(-10)?
1
Let k be ((-6)/9)/(2/9). Let r = k - -2. What is the tens digit of ((-4)/6)/(r/36)?
2
Let y(v) = -2*v + 3*v**3 + 0*v - 5 - 3*v - 2*v**3 + 4*v**2. What is the units digit of y(-4)?
5
Suppose -30 = 6*w - 0*w. Let m(i) = 5*i + 3 - i**2 - 2*i - 9*i. What is the units digit of m(w)?
8
Suppose -5*k = 3*p - 2*k + 3, 0 = -4*p - 5*k - 2. Let b(h) = -3*h**2 + 7*h - 16. Let a be b(6). What is the units digit of 1/p*(-5 + a)?
9
Let f(n) = 0 - 2*n**2 + 1 - n - n + 10. Let q be f(-5). What is the tens digit of 0 - 3/3 - q?
2
Let g be 10/(-4)*1*-2. Suppose 0*c - 3*c = 4*j - 435, 5*c = g*j - 570. What is the units digit of j?
1
Let o(z) = z**3 + 20*z**2 + 8*z - 17. What is the tens digit of o(-16)?
7
Suppose 0 = -s + z + 14, -5*s = -3*s - 4*z - 26. Let p = s + -13. Suppose -14 = -p*l + 54. What is the units digit of l?
4
Let w(o) = o**3 - 6*o**2 + 8*o - 9. Let x be w(5). Suppose -x*l + 74 = 2*r - 4*l, 3*r - 2*l - 131 = 0. What is the tens digit of r?
4
Suppose -61 = -4*x + 131. Suppose 0 = -8*t + 12*t - x. What is the units digit of ((-4)/t)/(1/(-21))?
7
Let o = 12 + -7. Suppose q + f + 2 = 3*q, 3 = o*q - 3*f. Suppose q*w - 27 = -0*w. What is the units digit of w?
9
Let k(i) = -4*i**2 - 6*i + 1. Let n(o) = -3*o**2 - 7*o + 2. Let y(f) = -2*k(f) + 3*n(f). What is the units digit of y(-7)?
8
Let n be 20/70 - 1732/(-14). Suppose 2*r + 46 - n = 0. What is the tens digit of r?
3
Let r = -2061 + 5148. What is the hundreds digit of r?
0
Let l be (9/(-6))/((-3)/16). Let s(k) = k - 2. Let y be s(l). Suppose a + 70 = y*a. What is the units digit of a?
4
Let b = -54 - -63. Let y(k) = k**3 - 10*k**2 + 11*k + 1. What is the units digit of y(b)?
9
Suppose 5 = -5*m + 25. Suppose 3*c - g = -23, -m*g - 23 - 5 = 3*c. Let r(o) = -5*o - 7. What is the tens digit of r(c)?
3
Suppose -21*y = -26*y + 20, 2*y + 896 = 2*k. What is the hundreds digit of k?
4
Let a(b) = -b**3 + 4*b**2 + 3*b - 2. Let t be a(4). What is the units digit of 15*5/(t/26)?
5
Let g(w) = 2*w**2 + 3*w. Let l be g(-3). Let p be (l/(-12))/(3/(-12)). Suppose -m - p*m - 4*b - 8 = 0, 3*b + 10 = -m. What is the units digit of m?
2
Let j(r) be the second derivative of r**4/6 - r**3 + 2*r**2 + 11*r. What is the units digit of j(8)?
4
Let y(z) = -z**2 + z - 25. Let o(t) = -t**2 + t - 12. Let s(h) = -9*o(h) + 4*y(h). What is the units digit of s(6)?
8
Suppose 2*w - 3*i = -9, 4*w - 6*i = -4*i - 6. Suppose -3*z + 15 = w, 0 = -0*u + u + z - 6. Let a(y) = 27*y**2 - 2*y + 1. What is the units digit of a(u)?
6
Let v = 1093 + 452. What is the thousands digit of v?
1
Suppose 57 + 60 = 4*v - h, 0 = v + 2*h - 36. What is the units digit of v?
0
Let y(c) = -5*c + 15. Let b(r) = r - 1. Let f be b(-5). What is the units digit of y(f)?
5
Suppose 0 = 2*m + 4*g + 6, -3*m = -3*g - 2*g - 2. Let x(n) = 325*n**2 + 2*n + 2. What is the units digit of x(m)?
5
Suppose 0 = -4*w - 0*w. Let y(h) be the second derivative of -h**3/6 + 41*h**2/2 - h. What is the tens digit of y(w)?
4
Let h(d) = -8 - 38 + 33 + d - 9*d. Suppose 3*v + 14 + 4 = 0. What is the tens digit of h(v)?
3
Suppose 3 = -3*d + 6. What is the tens digit of d*(-4)/(-14) - (-138)/7?
2
Let i(f) = -7*f**2 + 14*f + 1. Let z(y) = 13*y**2 - 29*y - 1. Let t(v) = -11*i(v) - 6*z(v). What is the tens digit of t(16)?
5
Let s(u) = 37 - 41 + 3*u + 21*u. Let n be s(3). Let c = -30 + n. What is the tens digit of c?
3
Let m = 404 + -272. Let v be m/48 + (-2)/(-8). Suppose 5*q - v*j = -2*j + 286, 3*q - 5*j = 176. What is the tens digit of q?
5
Suppose -4*j = 17*w - 12*w - 8990, -2*w + 3*j + 3619 = 0. What is the thousands digit of w?
1
Let j be 39/65 - (-516)/(-10). What is the units digit of j/(-6) + 6/4?
0
Suppose -5*n = -4*m + 427, -5*m = -7*m - 2*n + 218. What is the tens digit of m?
0
Let g = -368 - -1021. What is the units digit of g?
3